2 - 7*i + 12. Let h be t(6). Suppose h*q - 37*q = 10. Suppose 28 = -q*r + 98. What is the tens digit of r?
3
Suppose 49*u - 1 = 50*u. Let x(r) = 179*r**2 + 3*r + 2. What is the tens digit of x(u)?
7
Let c be (-859)/(-10) + (-20)/(-200). Suppose -3*j - c = 4*y - 1154, -3*y = 0. What is the units digit of j?
6
Suppose -23 = 4*f + r, 6*f - f - 2*r + 32 = 0. Let t(l) = -58*l - 140. What is the hundreds digit of t(f)?
2
Let y(l) = l**3 + 26*l**2 + 4*l - 8. Let x be y(-28). Let w = x + 2374. What is the tens digit of w?
8
Suppose -3*u = -3*l + 12, 6 = -l - 3*u + 2*u. Let j(p) = -508*p**3 - 2*p - 1. What is the units digit of j(l)?
9
Suppose -2*j - 2*j = k - 815, k = -j + 203. Suppose -j = 14*y - 18*y. What is the tens digit of y?
5
Let f be 2832/(-144) + 1*1/(-3). Let o(s) = -35*s - 33. What is the units digit of o(f)?
7
Suppose 0 = 23*h - 14*h - 99. Suppose -h*x + 6*x - t = -1715, 1031 = 3*x + t. What is the hundreds digit of x?
3
Let q = 17337 + -554. What is the tens digit of q?
8
Let m(a) = 3*a**3 - 427*a**2 + 162*a + 517. What is the units digit of m(143)?
1
Let c(s) = 6*s + 38. Let d = -5 + 1. Let x be (-76 + d)/(-4) - -1. What is the tens digit of c(x)?
6
Suppose -124*p + 130*p - 1428 = 0. Suppose -x + p - 72 = 0. What is the units digit of x?
6
Let u be -6*(14/(-24) + (-10)/(-40)). Suppose 7*v - 3*v = -3*o + 1467, -5*o + u*v + 2445 = 0. What is the tens digit of o?
8
Let z(m) = 3*m**3 + 63*m**2 - 107*m - 163. Let g(i) = -2*i**3 - 42*i**2 + 72*i + 109. Let r(t) = -7*g(t) - 5*z(t). What is the tens digit of r(-23)?
9
Let b = -10 - -10. Suppose b = -2*i - 5*i + 98. Suppose -i*p + 700 = -1120. What is the hundreds digit of p?
1
Let x = -214 + 210. Suppose -2*w - 2*i - 5 = -3, 3*i - 11 = 4*w. What is the units digit of 97*(-3 - x - (2 + w))?
7
Suppose 6*c = 1 - 25. Let v(r) = 3*r + 4. Let n be v(c). What is the units digit of (-26)/(((-12)/(-3))/n)?
2
What is the tens digit of 152/(-342) - 86530/(-9)?
1
Suppose 16667 = q - 3*l, 323*l = 3*q + 321*l - 49987. What is the ten thousands digit of q?
1
Suppose -65*y = -74*y + 117. Suppose y*n = 34*n - 5334. What is the tens digit of n?
5
Suppose -2*m + 10 + 2 = 0. Let c be (m/5)/((-14)/(-35)). Suppose -2*z - c = -5*z. What is the units digit of z?
1
What is the tens digit of 6/22 - 25553700/(-660)?
1
Suppose 0 = 4*x + 3*a - 151910, 7*a = 5*x - 15630 - 174279. What is the units digit of x?
9
Suppose -4*p - 3*d + 24 = p, -2*d = p - 9. Let i(q) be the second derivative of q**3 + 5*q**2/2 + 13*q + 5. What is the tens digit of i(p)?
2
Suppose 194369 = 3*w + 4*o + 29354, 0 = -w - o + 55008. What is the ten thousands digit of w?
5
Suppose 50 = 5*u + 40. Let b(c) = -1 - 5*c + 12*c**u + 10*c**2 + 4*c**2 - c**2. What is the units digit of b(3)?
9
What is the hundreds digit of ((10/(-45))/(24/72))/(4/(-52218))?
7
Let b(s) = 29*s**2 + 120*s - 1694. What is the units digit of b(14)?
0
Let q = -60 + 73. Let l = q + -11. Suppose -44 = -5*j - l*r, j - 3*r + 22 = 3*j. What is the units digit of j?
8
Suppose -25612 = -382*b + 377*b + 10403. What is the hundreds digit of b?
2
Suppose 290*a - 2681002 = -19*a + 2495366. What is the tens digit of a?
5
Let l(s) = s**3 - s**2 - 3*s. Let b be l(0). Suppose b = -3*z + 14 + 358. Suppose q - z = 5*u, 5*q + 3*u = 79 + 429. What is the units digit of q?
4
Suppose 7*b + 2758758 = 145*b. What is the units digit of b?
1
Let r(l) = l**2 - 7*l - 40. Let i be r(10). What is the units digit of ((i/4)/5)/1*-58?
9
Let t(y) = 106*y - 273. Let k(f) = -54*f + 137. Let x(d) = -11*k(d) - 6*t(d). What is the tens digit of x(-5)?
4
Let r be (0 - (-8)/3)*(-414)/(-184). Suppose -r*o - 3*o = -4734. What is the hundreds digit of o?
5
Let y = -7424 + 11417. What is the tens digit of y?
9
Let x be (24 + -25)/(1/615). Let r be 6*(44/12 - 1). What is the hundreds digit of 4/r + x/(-4)?
1
Let v be ((-121674)/(-12) + -8)*(0 - -2). Suppose 19*f - v = -7191. What is the hundreds digit of f?
6
Suppose -51*t - 74*t + 79*t = -382996. What is the thousands digit of t?
8
Let g(c) = c**3 - c**2 + 15*c**2 + 6*c - 5 + 0*c**2 + 129. What is the units digit of g(-13)?
5
Suppose -33*v + 38361 = -28*v - 2*l, 30693 = 4*v - 3*l. What is the units digit of v?
1
Let f be (24/(-16))/(6/4 + -2). Suppose -2*s + 13*t + 38 = 18*t, 0 = -f*s - 5*t + 67. What is the tens digit of s?
2
Suppose 148 = 2*l - 428. Let n be (-1 + 1*-1)/((-40)/6240*24). Suppose 4*m = -4*v + l, n*v + 206 = 3*m + 11*v. What is the units digit of m?
0
Let i be 1 + -4*430/(-2). Let f = 1358 - i. Suppose 5*x + 2*x = f. What is the units digit of x?
1
Let u(i) = 137*i - 5. Let r be u(1). Suppose 3*t = -5*b + 73, -5*t + 142 = 5*b + 17. Suppose t*w - r = 23*w. What is the units digit of w?
4
Let x(i) = -4698*i**3 - 12*i**2 - 16*i - 4. What is the tens digit of x(-1)?
9
Suppose -2*s - 8 = -2*t, 3*t + 6*s - s = -12. Let c(v) = 47*v - 2. Let i be c(t). Suppose -7*j + 116 = -i. What is the tens digit of j?
2
Suppose -628447 = -9*k + 72*k - 2784622. What is the thousands digit of k?
4
Suppose 0 = -66*x + 193101 - 74235. What is the tens digit of x?
0
Let y(b) = -2*b + 27. Let w be y(11). Suppose w*h - 7*h = 3*h. Suppose h*x = x - 64. What is the units digit of x?
4
Let w be (6 - 33/6)*0/(-2). Suppose w*h + 5*h = g - 13, 4*g + 20 = 2*h. Let s = g + 160. What is the tens digit of s?
5
Let i be (33/9)/(-9 + (-428)/(-48)). Let n = 52 + -24. Let k = n - i. What is the tens digit of k?
7
Let p be (2/(12/(-6)))/(2/(-13144)). Suppose 11*l - 7*l - p = 0. What is the units digit of l?
3
Let k = 1 + 1. Let c(u) = -43 + 4 - 7*u + u**k - 6*u. What is the units digit of c(16)?
9
Let o(j) = j**3 - 93*j**2 - 85*j - 213. What is the ten thousands digit of o(97)?
2
Let x = 305 - 318. Let k(z) = -4*z**3 - 51*z**2 - 27*z + 3. What is the units digit of k(x)?
3
Let n(u) = u**3 + 11*u**2 - 2*u - 6. Let y be n(-11). Let i(r) = 2*r - 30. Let p be i(y). Suppose p*c - 41 = 81. What is the tens digit of c?
6
Let b(v) = 3379*v - 242. What is the ten thousands digit of b(5)?
1
What is the thousands digit of 2*112/14 + 18168?
8
Suppose 0 = 5*f + 5*q - 43585, -46*f - q + 26151 = -43*f. What is the thousands digit of f?
8
What is the units digit of ((-60)/(-16))/(87/216224)?
0
Let h(y) = -8 + 10*y**2 + 9*y**2 - 7*y**2 - y**3 + y. Let r be h(12). Suppose -t - 2*k - r = -0*t, -4*t - 3*k = 1. What is the units digit of t?
2
Suppose -13*a - 2860 = 1157. Let y = a - -868. What is the tens digit of y?
5
Suppose -5*w = -8*w + 399. Suppose m + 118 = 4*m - 4*u, -3*m + w = -u. Suppose -171 + m = -5*h. What is the units digit of h?
5
Let h(t) = 52*t - 22*t - 15*t - 32. What is the tens digit of h(41)?
8
Suppose -15 = -w - 4*w - 3*d, -4*d + 3 = w. Suppose 2*a = -0*a - 10, -2*p - 9 = w*a. What is the units digit of (53/5 - p)/((-2)/(-40))?
2
Let j = 594 + -589. Let k(i) = 0*i**2 + 16*i + 3*i**2 + 25 + 0*i**2 - 27*i. What is the units digit of k(j)?
5
Let h(d) = 19*d - 6. Let m be (23/69)/(1/27). Let j(x) = -2*x**3 + 19*x**2 - 11*x + 19. Let w be j(m). What is the units digit of h(w)?
3
Let j be 4*(28 - 3)/1. Suppose 0 = 441*h - 446*h + j. What is the units digit of h?
0
Let p be 15/(-5) + (-61775)/(-5). Suppose 0 = -27*u - 5*u + p. What is the hundreds digit of u?
3
Let w(y) = 12*y + y**2 - 7 - 5 - y. Let r be w(9). Suppose 6*j = r + 480. What is the units digit of j?
8
Let c(p) = -3*p**2 - 6*p - 10. Let q(v) be the third derivative of v**5/60 - v**4/24 - 24*v**2. Let a(h) = c(h) + 5*q(h). What is the tens digit of a(10)?
8
Suppose 0 = 3*v + 2*q + 198 - 673, 4*v - 626 = q. Let z = 56 - 146. Let n = z + v. What is the units digit of n?
7
Suppose g = y - 43, 3*y - 4*g = 4*y - 48. Let a(m) = m**3 - 6*m**2 + 12*m - 12. Let r be a(5). Let h = y - r. What is the tens digit of h?
2
Let d = 3714 + 3345. Suppose -19*f + d - 2176 = 0. What is the units digit of f?
7
Suppose 5*z - 1584 = -3*l + 41, -5*z + 5*l = -1585. What is the tens digit of z?
2
Let r be -5*(2/6 + 98/21). Let s be 60/r*(-770)/4. Suppose 0*f = -3*f + s. What is the hundreds digit of f?
1
Suppose 0 = 5*x + 150 + 95. What is the tens digit of (11 - 0)/(238/x + 5)?
7
Suppose 10 = 3*r + 4. Let x be 63/18 + r/(-4). Suppose 2*a - 2 = 0, -5*a = 2*v - x*a - 160. What is the tens digit of v?
7
Suppose -2*q = -5*w - 6, 0 = 22*q - 25*q - 3*w + 9. Suppose -3*d + 